*w - w + 0*w**2 + 2 + u. Let d = -6 - -11. What is q(d)?
-4
Let y(t) = t**3 + 6*t**2 + 3*t - 3. Let v(i) = -i**2 - 14*i + 7. Let o be v(-15). Let n = o - -9. Let d be 3/n - (11 - 3). Give y(d).
7
Suppose 12 + 2 = 2*i - 4*n, 5*i - 95 = -2*n. Suppose -5*p + 32 = i. Let b(v) = -v - 2. Calculate b(p).
-5
Let c(g) = 2*g**3 + 3*g**2 - g + 1. Suppose a - 2 = 8*k - 3*k, 4*a + 3*k - 8 = 0. What is c(a)?
27
Let b(j) = j**3 - 12*j**2 + 12*j - 9. Let q be (2/6)/((-16)/(-528)). Calculate b(q).
2
Let i(d) = d**3 - 3*d**2 - 5*d - 2. Let t(k) = 2*k + 2. Suppose -5*p = -4*p - 1. Let c be t(p). What is i(c)?
-6
Suppose -5*g + 20 = -4*b, g = b - 2*g + 5. Let l be 15/10*(-1)/3*2. Let z(t) = t**3 + 5*t**2 - 5*t. Let r(m) = -m. Let q(k) = l*z(k) + 6*r(k). Determine q(b).
5
Let s = -46 - -52. Suppose 0 = 6*d - 43 - 395. Let m(c) = -2*c - 5*c**2 + c**3 - 72 - 3*c + d. Determine m(s).
7
Let k = -11 - -9. Let u = 12 + -19. Let x(w) = 17*w + 2. Let q(i) = 9*i + 1. Let a(f) = u*q(f) + 4*x(f). Calculate a(k).
-9
Let b(n) = 4*n + 3*n + 7*n - 11*n. Let i(j) = 4*j. Let x(f) = 7*b(f) - 5*i(f). Suppose -q + 3*q = 0. Give x(q).
0
Suppose -3*l + 11 = 4*t, l - t = -2*t + 2. Let r be 8/(-12) - (-103)/l. Let h be (3 - -2)*(-21)/r. Let s(d) = -2*d + 2. Give s(h).
-4
Let j be 72/630*-7*10/4. Let p(q) = -1 + 0 - q - 6*q. What is p(j)?
13
Let o(m) be the first derivative of m**2 - 2*m + 5073. Let k be (-16)/(-6)*(-27)/(-12). Determine o(k).
10
Let n(p) = -2*p - 5. Let z(c) = 10*c + 25. Let s(j) = 11*n(j) + 2*z(j). Let h be (-2)/4 + (-637)/(-98). What is s(h)?
-17
Suppose -7*w + 131 = 124. Let k(f) = -49*f**3 - 2*f**2 + 1. What is k(w)?
-50
Suppose 4*w = -2*m + 32, 22 = -w + 6*w - 2*m. Let q(r) be the second derivative of -5/6*r**3 - r**2 + 0 + 1/12*r**4 - 16*r. Calculate q(w).
4
Let c(p) be the third derivative of p**5/60 + 5*p**4/24 + p**3/3 + 14*p**2 + 8. Let t(w) = w**3 + 3*w**2 - 2. Let q be t(-3). Determine c(q).
-4
Let c(v) = v**2 + 8*v - 9. Let m(f) = f**2 - 16*f + 29. Let n be m(14). Let u(r) = -10*r + 2. Let p be u(n). Determine c(p).
-9
Let c(t) be the third derivative of -t**6/120 - t**5/15 + t**4/6 - 7*t**3/6 + 2*t**2. Let r(i) = 5*i**3 - i**2 + 3*i + 4. Let g be r(-1). Determine c(g).
-2
Let t(d) = 6*d + 1. Let s be (-8)/2 - (-2 - 2). Suppose y + s = 2. Suppose -2*a - 2*v = a - 5, -y*v = -2. Give t(a).
7
Let y(c) = c**3 + 11. Let a be (40/(-12) - -3)*0. Calculate y(a).
11
Let k(n) be the second derivative of n**4/12 - n**3/2 - n**2 + 11*n - 1. Determine k(-3).
16
Let v(x) = -7*x**2 + x - x**3 + 2*x - x + 6 - 6*x. Let a = 75 - 81. Give v(a).
-6
Let l(r) = -8*r - 1. Let q be l(-1). Let h(x) = -1022006*x + 1022005*x - 4 + 3. Determine h(q).
-8
Let m(r) be the second derivative of r**4/12 - r**3/6 - r**2/2 + r. Suppose -2*u = f - 17, 4*f - 41 = -u + 2*u. Suppose -f = -16*z - 27. Give m(z).
1
Suppose -7*l = -3*l - 32. Let x(g) = -7*g**2 + 2*g**2 + g**3 - 3 - l*g + g + 0*g**3. Let w = -18 - -24. What is x(w)?
-9
Let x(u) = -8*u**2 - 4*u. Let n(q) = -7*q**2 - 3*q + 1. Let t(m) = 7*n(m) - 6*x(m). Let a be t(-2). Let s(h) = -h**2 + h + 4. Give s(a).
-8
Let g(m) = -m**2 - 5*m + 1. Suppose 8 = -2*j + 3*q, -10*j + 7*j - 50 = 5*q. Let a be j*4/(-8) + -9. What is g(a)?
5
Let h be -30 + 26 - 11/(-1). Let y(l) = -l - h - 7 + 2 + 1. Give y(-5).
-6
Let z(y) = 2*y + 2. Suppose j + 8 = 3*m - 0*j, 3*m = -4*j - 17. Suppose 2*t = m + 3. What is z(t)?
6
Let j(i) be the third derivative of -i**5/60 - i**4/4 - i**2. Let f = -853 + 847. What is j(f)?
0
Let z = -68 + 68. Let m(u) = -5 + 1 + z*u + 2 + u. What is m(2)?
0
Suppose 426 - 339 = 29*u. Let t(d) = 11*d - 12. Let h(m) be the second derivative of m**3/3 - m**2 - m. Let g(o) = 34*h(o) - 6*t(o). Determine g(u).
10
Let d(j) = -2*j**2 + 4*j + 1. Suppose 49*q - 39*q - 50 = 0. Determine d(q).
-29
Let g be 15*2/216*(-9)/(-30). Let c(t) be the third derivative of 5*t**2 + g*t**4 + 0*t**3 + 1/60*t**6 + 1/60*t**5 + 0 + 0*t. What is c(-1)?
-2
Let x(s) be the first derivative of -3/2*s**2 - s + 1/3*s**3 + 5. Let y be 28/6 - (-20)/(-30). What is x(y)?
3
Suppose -19*z = -16*z + 63. Let b be z/4 + 5 + (-3)/4. Let g(v) = -8*v - 1. Calculate g(b).
7
Suppose -6 = -9*m + 8*m. Let k = 35 - 33. Let n(p) = p**3 - m + 2*p - 12*p**k + 8*p**2 + 0*p**2. Give n(4).
2
Suppose 4*n = -16 - 12. Let j(s) be the first derivative of -s**4/4 - 2*s**3 + 3*s**2 + 2*s + 180. Give j(n).
9
Suppose d - 20 = -4*i, -11*d - 3*i + 15 = -12*d. Let q(v) = -v + 9. Calculate q(d).
9
Let v(f) = f + 5. Let g be (6/(-4))/(12/(-32)). Suppose g*j - 2*j + 4*h = -8, 8 = -j + 2*h. Calculate v(j).
-1
Let d(p) be the third derivative of p**5/60 - 5*p**4/24 - p**3/3 + 15*p**2. Suppose -w + 17 - 1 = 3*t, 2*w + 4*t - 24 = 0. What is d(w)?
-6
Let z be (84/(-63))/((-2)/3). Let k(a) = -a + 2. Calculate k(z).
0
Suppose -p + j = 4*p + 17, 2*p - 4*j - 4 = 0. Let u(n) = -12*n**3 - 13*n**3 - 3*n**2 - 4*n - 21*n**3 - 2 + 45*n**3. Determine u(p).
30
Let s(w) = w - 1. Let t(m) = 3*m - 9. Let q(a) = -4*s(a) + t(a). What is q(-10)?
5
Let f(l) be the second derivative of l**3/6 + 17*l**2/2 - 9*l. Let h be f(-16). Let t(k) = -7*k**2 - k. What is t(h)?
-8
Let b(n) = 225 - 117 - 117 - n. Calculate b(0).
-9
Let q(i) = -9*i - 6. Let g be q(-5). Let n = g - 34. Let c(p) = -3 + 5 + p + 2. Determine c(n).
9
Suppose 16*q - 14*q - 28 = 0. Suppose 28 = 2*m - y - y, -3*y - q = -m. Let j = -7 + m. Let h(n) = -n**3 + 8*n**2 - 8*n + 4. Calculate h(j).
-3
Let f(c) be the first derivative of -c**4/4 + 4*c**3/3 + 5*c**2/2 + 9*c - 8. Let d be f(5). Let w(r) = -r**3 + 8*r**2 + 9*r - 5. Determine w(d).
-5
Let b(h) = 275*h**2 - 2*h - 10*h - h**3 - 265*h**2 + 10. What is b(9)?
-17
Let q(r) = -38*r**3 - r**2 + r - 1. Let c be q(1). Let f be 130/c*(-12)/(-10). Let j(b) = -6*b - 5. What is j(f)?
19
Suppose 0 = 4*r - r, 0 = -4*w + 5*r + 48. Let n = -8 + w. Let t = 9 - n. Let s(i) = -i**2 + 5*i. Determine s(t).
0
Suppose 4*n - 3*g - 43 - 16 = 0, 15 = -3*g. Let t(i) = -5*i**2 - 14 - i**3 + 5*i + n + 12. Determine t(-6).
15
Let u(i) = i**2 - 5*i + 3. Let b(d) = -2*d**2 - 2*d - 4. Let j be b(-2). Let c = 12 + j. Determine u(c).
-1
Let o(l) = l**3 + 18*l**2 + 16*l - 15. Let t be o(-17). Let h(k) = 18 - t*k**2 + 3*k - 17 - k + k**2. Let i = -3 - -7. Calculate h(i).
-7
Let r(c) = c**2 - 13*c - 2. Let g(w) = -6*w**2 + 66*w + 9. Let l(y) = 2*g(y) + 11*r(y). Calculate l(-10).
6
Let t(o) = o. Let h(m) be the second derivative of 8*m**3 - 16*m. Let z(q) = 2*h(q) - 88*t(q). Calculate z(1).
8
Let t(a) = 2*a**3 - 3*a**2 - 2*a - 1. Let j(d) = d**3 - d. Let z(s) = j(s) - t(s). Determine z(3).
4
Let f(p) = p**3 + 7*p**2 + 6*p - 2. Let u be f(-6). Let a be u/4 + 2/4. Let h(k) = a - 4 + 1 - 3*k. What is h(-3)?
6
Suppose 0 = -0*f + f - y + 2, -2*f = y + 7. Let r be (0 - (5 - f))*-1. Let o(i) = -i**2 + 2*i**2 - 3*i - 2*i + 3 - r. Give o(6).
1
Let i = 159 + -158. Let h(c) = -30*c. Determine h(i).
-30
Let a = 109 - 60. Let v = 42 - a. Let d(g) = g**2 + 8*g + 4. Calculate d(v).
-3
Let k(g) = 5*g - 1. Let c(t) = t**2 - 35*t + 15. Let p(r) = -c(r) - 6*k(r). Give p(3).
-3
Let d(u) = u**2 + 4*u - 4. Let v(a) be the first derivative of -a**2/2 - 8*a - 7. Let x be v(10). Let l = -24 - x. Give d(l).
8
Let b(g) be the second derivative of g**5/20 + g**4/6 + g**3/2 + 162*g. Give b(-2).
-6
Suppose -4*h = -3*h - 2. Suppose -t - 2 = h*s, -4*t + 2*t = s - 2. Let w(l) = 17*l**2 - 18*l**2 - t*l + 4 - 3*l. Determine w(-6).
-2
Let d(j) = -j**2 + 2*j - 2. Let c(k) = 3*k**2 - 3*k + 16. Let p(o) = -c(o) - 4*d(o). What is p(6)?
-2
Suppose -h + 0*h + 14 = 2*q, 63 = 5*h + 3*q. Suppose 3*t + h = -t. Let m(l) = l**2 + 2. Give m(t).
11
Let o(t) = -t**2 + 7*t. Suppose 0 = 5*i - 5*h - 0*h + 5, -2*i - 5*h + 26 = 0. Let x(r) = 3 + 4*r - 2*r + 0 - i*r. Let w be x(-2). What is o(w)?
10
Let o = -6 - -6. Suppose 2*r = o, -4*k = -r - 0*r - 20. Let l(c) = 3*c**3 - 3*c**2 - 4. Let p(d) = d**3 + d**2. Let i(u) = l(u) - 2*p(u). Give i(k).
-4
Let i(a) be the second derivative of -a**5/20 + 5*a**4/12 - a**3/2 - 5*a**2/2 + a. Let k(c) = c**2 - 5*c - 1. Let r be k(6). Give i(r).
-20
Let i be 6/(168/175) - (-1)/(-4). Let h(y) = 2*y**2 - 11*y - 3. Let x be h(i). Let d(p) = -p. Calculate d(x).
-3
Let v(x) be the second derivative of 24*x + 0 - 1/2*x**2 + 1/12*x**4 + 0*x**3. Let w(y) = y**2 + 2*y. Let a be w(-3